divided by q(r).
6
Suppose -1 + 17 = u. What is the remainder when u is divided by 3?
1
Let k(d) = 2*d**2 - 2. Let z be k(-3). What is the remainder when (z - -3) + 0 + 0 is divided by 10?
9
Calculate the remainder when 63 is divided by (2 + 4)*(-77)/(-21).
19
Suppose 0 = -0*i + 2*i - 18. Let u(q) = -q**2 - 15*q - 11. Suppose 6*m + 14 = 5*m. Calculate the remainder when i is divided by u(m).
0
What is the remainder when 57/2 + 1/2 is divided by 8?
5
Let p(z) = z**2 + 8*z + 7. Suppose 0 = k + 2*k + 27. What is the remainder when p(k) is divided by 6?
4
Suppose -t - 45 = -2*a, -20 = 2*a + t - 75. Let n = a + -18. Suppose -5*r + 18 = -7. What is the remainder when n is divided by r?
2
Suppose -3*y + 78 = 12. Suppose -1 + 16 = -5*g. Let p = g + 15. Calculate the remainder when y is divided by p.
10
Let f = 296 - -194. Suppose 2*t - t + f = 4*d, 0 = 2*t + 4. Suppose 3*k = -2*k + 4*a + d, 3*k - 82 = -2*a. What is the remainder when k is divided by 14?
12
Suppose r - 4*q + 12 = 0, 36 = 5*r - q + 5*q. Let x = -15 + 21. What is the remainder when x is divided by r?
2
Let l = 1 + 3. Suppose -l*h + 7 = -5. Calculate the remainder when 7 is divided by h.
1
Suppose 5*c = c - 160. Calculate the remainder when (10/8)/((-5)/c) is divided by 4.
2
Suppose 5*b = s - 34, 3*s - 46 = s - b. What is the remainder when s is divided by 9?
6
Let x(d) = d**2 + 15*d - 14. Let r = -25 - -8. What is the remainder when x(r) is divided by 11?
9
Let a be -1 + 4/((-8)/(-26)). Let q = 80 - 54. Calculate the remainder when q is divided by 1*((a - -2) + 0).
12
Suppose 2*d + 59 = 5*v, -2*v + 23 = v + 5*d. Calculate the remainder when 52 is divided by v.
8
Let u be 0/(3/(-6)*2). Suppose k + 56 = 5*a, u*a + 5*k = -a + 32. Calculate the remainder when 34 is divided by a.
10
What is the remainder when 24 is divided by 2/(-1) + (13 + 2)/1?
11
Calculate the remainder when 35 is divided by -2*6/4 + (-195)/(-13).
11
Let h = 198 + -87. What is the remainder when h is divided by 23?
19
Let u(a) = -75*a**3 - a. What is the remainder when u(-1) is divided by 13?
11
Let g(f) = f**2 - 2*f - 3. Let w be g(-2). Suppose -4*m = q - 10, -4*m = -w*q + 14 + 108. What is the remainder when q is divided by 6?
4
Suppose -3*s = -5*r + 345, -2*r = 3*s - 7*s - 152. What is the remainder when (-320)/(-24)*(-12)/(-5) is divided by 6/(-9)*r/(-4)?
10
Suppose -3*k - k + 192 = 0. Suppose -5*m = -7*m + k. Calculate the remainder when 69 is divided by m.
21
Let v = 8 + 5. Let f = -76 + 266. Suppose -8*j = -3*j - f. What is the remainder when j is divided by v?
12
Let r(q) = -2*q**3 - 2*q**2. What is the remainder when 23 is divided by r(-2)?
7
What is the remainder when -36*((-20)/(-15))/(-2) is divided by 7?
3
Let c(r) = -r + 4. Let a(w) = 10*w + w**2 + 2 - 2*w**2 - 2*w. Calculate the remainder when c(-13) is divided by a(7).
8
Let u(b) = 3*b + 1. Let g be u(6). Suppose 0 = -5*k - 2*p + 7*p + 30, 3*k - g = 4*p. What is the remainder when 11 is divided by (-2)/k - 88/(-20)?
3
Let t(u) be the first derivative of -u**2/2 - 1. Let b be t(-2). Suppose -4*k = -b*k - 12. Calculate the remainder when 17 is divided by k.
5
Suppose -v - 2*v = -4*b + 13, 1 = -2*b + 3*v. Suppose -2 = 4*s - 10. What is the remainder when b is divided by s?
1
Suppose 5*u - 3*t - 6 = -2*t, -26 = -3*u - 5*t. Let s(m) = m + 1. What is the remainder when 3 is divided by s(u)?
0
Calculate the remainder when -4*(-5 - -1 - 4) is divided by 7.
4
Let d(z) = 0 - 4*z + z + 0*z**2 + 2 + z**2. Calculate the remainder when 22 is divided by d(5).
10
Let y be (-2 + (-9)/(-6))*12. Let d = y + 27. Calculate the remainder when 61 is divided by d.
19
Let r(k) = -k**2 - 13*k + 18. Let b be r(-13). Let q = b + -14. What is the remainder when q is divided by 3?
1
Let r = 8 + 0. Let v(m) = m**2 - 7*m - 6. Let b be v(r). What is the remainder when 46/(-4)*(b - 4) is divided by 8?
7
Let d be ((-4)/(-4) + -1)/2. Suppose d = l - 3*t - 2*t - 30, 5*l - 98 = -t. Calculate the remainder when 37 is divided by l.
17
Let w be (432/(-45))/((-6)/20). Suppose -4*v + 4*s + w = 0, 5*v - v - 39 = -3*s. Calculate the remainder when v is divided by 4.
1
Suppose f + 14 = 3*f. What is the remainder when f is divided by 1 + -2 + -1 + 6?
3
Suppose 0*g - 4*g = 12. What is the remainder when 1464/16*(-2)/g is divided by 13 - (-2 - -1)*3?
13
Let a = -58 - -67. What is the remainder when a is divided by 5?
4
Suppose 3*y - 10 = 2. Suppose -5*q - 5*d - 12 = -52, 5*q + 10 = 5*d. Suppose -10 = -q*x + 11. Calculate the remainder when x is divided by y.
3
Let a be (0 - 0)/(-1) + 0. Suppose -4 = 2*i, a*z + 3*z + 4*i = 13. Let s(j) = -14*j**3 - 2*j**2 + 1. Calculate the remainder when s(-1) is divided by z.
6
Suppose 3*b + 180 = 3*m + 6*b, 4*b = -3*m + 178. What is the remainder when m is divided by 22?
18
Suppose 5*j = 2*q + 11, j - 4*q = 5*j - 20. Suppose -7 = -i - j*c + 24, -2*c = i - 26. What is the remainder when 45 is divided by i?
13
Calculate the remainder when (6/(-5))/(7/(-175)) is divided by 11.
8
Let y = 33 + -19. Let o = 20 - y. Calculate the remainder when 1*-1*10/(-1) is divided by o.
4
Let j = -11 + 24. Let b be 2/(-6) - 31/(-3). Suppose -3*w + b = -w. Calculate the remainder when j is divided by w.
3
Let o be (-4)/2*(-8 + 7). Suppose t - 36 = -o*t. What is the remainder when 45 is divided by t?
9
Let r(i) = -i**3 + 3*i + 1. Let l(w) = -w**3 + w**2 + 3*w. Let b(u) = 6*l(u) - 7*r(u). What is the remainder when b(-6) is divided by 4?
3
Let k(q) = q**3 + 5*q**2 - 6*q + 4. What is the remainder when 67 is divided by k(-5)?
33
Let q(w) = 7*w - 4*w**3 + 3*w**3 + 1 + 3 - 2 - 3*w**2. What is the remainder when q(-5) is divided by 6?
5
Let o(z) be the second derivative of z**5/20 + z**4/3 - 2*z**3/3 - 3*z**2/2 - z. What is the remainder when o(-4) is divided by 5?
3
Let n(s) = -s**2 + 7*s + 10. Let a be n(8). Calculate the remainder when 50 is divided by ((-2)/(-4))/(a/68).
16
Suppose -7 - 16 = -k. What is the remainder when k is divided by 6?
5
Let h = -38 + 48. Calculate the remainder when 29 is divided by h.
9
Calculate the remainder when 14 is divided by 74/10 - (-21)/35.
6
Let s(k) = 4*k**2 - 2. Let o be 36/6 + -1*1. Let z = -3 + o. Calculate the remainder when 41 is divided by s(z).
13
Let c = 6 - -4. Suppose 4*k - 3*l = 66, -2*k = -2*l - 35 + 3. What is the remainder when c is divided by (-8)/(-24)*(k - 0)?
4
Let x(q) be the second derivative of q**4/12 - 5*q**3/3 - 5*q**2/2 + 3*q. Let k = 38 + -23. What is the remainder when k is divided by x(11)?
3
Suppose 5*q - 71 = -3*n, 5*n + 0*n = -q + 89. Suppose o + 4*m - 309 = -4*o, -2*o + 146 = -4*m. Calculate the remainder when o is divided by n.
14
Let r(k) be the third derivative of 0 - 2*k**2 + 0*k + 7/40*k**6 - 1/6*k**3 + 0*k**4 + 1/60*k**5. What is the remainder when 62 is divided by r(1)?
20
Let w be -8 - -8 - (-37 + -1). Let k = w + -19. What is the remainder when 54 is divided by k?
16
Let y(i) = -i**3 + 8*i**2 - 6*i + 1. Let z be 9/(-4) + (-1)/(-4). Let f be (1 + z)/(2/(-14)). What is the remainder when 23 is divided by y(f)?
7
Let b be -1 + 3 + 6 + -2. What is the remainder when 34/b + 4/12 is divided by 3?
0
Suppose 0 = 2*l - 0*a - 2*a - 66, -2*a = 4*l - 108. What is the remainder when 85 is divided by l?
27
Let k = 17 - 1. Suppose k = 2*v - 2*g, 4*v - 4*g - 29 = -g. Suppose v*b - 45 = 4*p, 6*b - 77 = 2*b - 5*p. What is the remainder when b is divided by 7?
6
Let z = 4 + 9. Calculate the remainder when 75 is divided by z.
10
Let b(t) = 2*t**2 + 8*t + 3. What is the remainder when b(-5) is divided by 4?
1
Let s = -35 - -62. Calculate the remainder when 52 is divided by s.
25
Suppose -3*k = -2*u + 4*u - 48, 4*u = -k + 26. Let x(g) = -g**2 + 5*g - 3. Let d be x(2). What is the remainder when k is divided by ((-2)/4)/(d/(-30))?
4
Calculate the remainder when 994/14 - 3/2*-2 is divided by 38.
36
Let x(b) = -b**3 - 3*b**2 - 2*b - 1. Let f = -53 + 66. Calculate the remainder when f is divided by x(-3).
3
Calculate the remainder when 55 is divided by ((-3 + 0)/(-3))/(6/84).
13
Suppose 0 = a - 4 - 5. Calculate the remainder when 39 is divided by a.
3
Suppose -4*j + 10 = 2, 0 = -2*v + 4*j - 770. What is the remainder when 8/(-20) - v/15 is divided by 13?
12
Calculate the remainder when 2/(-9) - (-2492)/36 is divided by 14.
13
Suppose 4*g 